t are the prime factors of j?
7
Let k = -83 - -84. What are the prime factors of ((-2835)/18)/(k + (-22)/16)?
2, 3, 5, 7
Let i be (2 + -1 + -1)/1. Suppose 13*u - u - 528 = 0. Suppose i*n - 2*n + u = 0. List the prime factors of n.
2, 11
Let g(v) = 30 - 13*v - 52 + 15. List the prime factors of g(-6).
71
Suppose 72*v = 41*v + 101525. List the prime factors of v.
5, 131
Suppose 88 = 3*b + 2*u, 5*b - 3*u - 205 = -52. Suppose 6*f = b + 18. Suppose f*z = 319 + 41. What are the prime factors of z?
3, 5
Let s = 33 - 35. Let l be (-10 - -4)*s/4. Suppose 0 = c + 3*p + l, 10 = -5*p - 0. What are the prime factors of c?
3
Let r = -96798 - -159667. List the prime factors of r.
62869
Let z = -723 + 22810. What are the prime factors of z?
13, 1699
Let n(a) be the third derivative of a**4/24 - a**3/6 - 28*a**2. Let h(f) = f**3 - 17*f**2 + 7*f + 17. Let s(b) = h(b) - 2*n(b). List the prime factors of s(17).
2, 13
Suppose 24*z = -119 - 73. List the prime factors of -12*((-2)/(-16))/(z/1744).
3, 109
Suppose 21*d = 19*d - 4*z + 20692, -5*d + 4*z = -51702. What are the prime factors of d?
2, 5171
What are the prime factors of 8385930/135 + (-28)/(-4)?
5, 7, 71
Let k(t) = -4112*t + 1060. List the prime factors of k(-13).
2, 3, 7, 11, 59
Let n = 7153 + -1391. List the prime factors of n.
2, 43, 67
Suppose -5*g + h - 771 = 3*h, 4*g + 4*h = -624. Let j be (-84)/((-4)/((-160)/(-15))). Let o = g + j. What are the prime factors of o?
71
Let c(q) = q + 14. Let k be c(5). Suppose -9 = 4*t + k. What are the prime factors of ((-1546)/t)/2 + (-6)/14?
2, 5, 11
Let p(r) = -10*r - 13. Let w(b) = b. Let c be 8/12*-3*-1. Let m(i) = c*w(i) + p(i). What are the prime factors of m(-8)?
3, 17
Let n(z) be the second derivative of -z**3 + 0 - 17*z + 1/12*z**4 + 7/2*z**2. List the prime factors of n(9).
2, 17
Let z = 97 - 20. Let d be -3 - (z + 4 + 0). Let k = -44 - d. What are the prime factors of k?
2, 5
What are the prime factors of (-503 + 33)/(20/(-4180))?
2, 5, 11, 19, 47
Suppose 10*q = 11*q - 71. Suppose -67*h + 448 = -q*h. Let s = 167 - h. List the prime factors of s.
3, 31
Let g = -15487 + 9687. What are the prime factors of (5/(-2))/(50/g)?
2, 5, 29
Suppose 0 = -5*g + 25, -z + 8*g = 3*g + 32. List the prime factors of 140/4*(-38)/z.
2, 5, 19
Let q = -726 - -769. Suppose 0 = 3*r + 4*p - q - 93, 3*r - 135 = -3*p. What are the prime factors of r?
2, 11
Let r = -20746 - -61989. What are the prime factors of r?
41243
Let v be (42 + -15)/((-3)/(-7)). Let j = 1 + v. List the prime factors of j.
2
Let o = 2890 + -355. Suppose -o = -3*c + 4*n, -c + 0*n - 2*n = -835. What are the prime factors of c?
29
Suppose 0 = -3*p + 647*z - 650*z + 107703, -4*p + 143576 = -3*z. List the prime factors of p.
35897
Let m(a) = 8*a + 1070. Let c be m(0). What are the prime factors of ((-58)/145)/((-2)/c)?
2, 107
Let y = -6 + 15. Let d(u) be the second derivative of u**5/10 - 3*u**4/2 + 4*u**3/3 + 10*u**2 + 59*u. List the prime factors of d(y).
2, 23
Let n be (-12)/4 + (-15)/(-3). What are the prime factors of 415*(n + 0)*2/10?
2, 83
Suppose 2*v + 5 = 4*x - 7, 3 = x - 2*v. Let j be x/((-27)/(-6))*3. Suppose 380 = j*n + 3*n. List the prime factors of n.
2, 19
Let m be 318/212*(737/3 - 1). Let d = -238 + 471. Let j = m - d. List the prime factors of j.
2, 67
Suppose -4*z = 5*v - 3436, 0*v = 5*z + 3*v - 4308. Suppose -z = -6*p - 10*p. List the prime factors of p.
2, 3
Let t(u) = u**3 + 8*u**2 + 7*u - 5. Let q be t(-7). Let v(k) = -5*k - 21. Let w be v(q). Suppose -2*r + w*r = 148. List the prime factors of r.
2, 37
List the prime factors of ((8433*-2)/6)/((-6)/22).
11, 937
Let x(d) = 373*d + 26 - 185*d - 185*d. Let w be x(-7). Suppose -c = 0, -282 = -3*j + 2*j + w*c. What are the prime factors of j?
2, 3, 47
Let g(l) = -l**3 + 8*l**2 + 10*l - 9. Let d be g(9). Suppose -8*j + 6304 - 1624 = d. What are the prime factors of j?
3, 5, 13
Let t be (100 + (5 - 2))*-1. Let s = t + 673. What are the prime factors of s?
2, 3, 5, 19
Let v be (5 + -2 - -3)*(-4)/(-6). Suppose 4*r - 252 = 4*t, -v*r - 6*t + 276 = -2*t. What are the prime factors of r?
2, 3, 11
Let r = -232 - -236. Suppose r*o - 315 = -m, -o + 434 = 5*m - 1065. List the prime factors of m.
13, 23
Suppose -5*z - 3 = -3*x - 2, 4*x + 4*z = 44. Suppose x*i = 3 - 73. List the prime factors of (-78)/i + 8/40.
2
Let g be 0 - 3 - (0 - (0 - 21)). Let u be (4*(-2)/(-24))/((-2)/g). Suppose u*y + 194 = 6*y. What are the prime factors of y?
97
Suppose 0 = 164*p - 237*p + 614514. What are the prime factors of p?
2, 3, 23, 61
Suppose 89*b - 86*b + 1275 = 0. Let x = b + 611. Let w = -107 + x. What are the prime factors of w?
79
Suppose 0 = -n + 109 + 96. Let z = n + 451. Suppose 2*s - 4*k - 109 = 213, 4*s = 2*k + z. List the prime factors of s.
3, 5, 11
Let f = -95 - -498. Let c = f + -84. List the prime factors of c.
11, 29
What are the prime factors of (-10353)/(2/(-2) + -3) - (-2)/(-8)?
2, 647
Let j = 46 + -61. Let p be (j - -16)*(-1)/(-2)*6. Suppose p*d = 5 + 7. List the prime factors of d.
2
Let n = 29239 + -19138. What are the prime factors of n?
3, 7, 13, 37
Let a(f) = f**3 + f**2 + 21*f - 85. Let t be 7*(-9)/(-21) + 6. List the prime factors of a(t).
2, 457
Let i = -2103 - -3888. Suppose i = -49*l + 54*l. List the prime factors of l.
3, 7, 17
Let b(n) = 2*n**3 - 64*n**2 + 1832*n - 27. List the prime factors of b(28).
3, 53, 283
Suppose 5*q + 2*w - 18 = 0, -2 = -4*q - 4*w + 10. Suppose q*f - 540 = -2*z, 0*f - 5*z = -5*f + 645. Let b = f + -69. What are the prime factors of b?
2
Let t(j) = -29*j**3 + 21*j**2 - 33*j - 140. What are the prime factors of t(-7)?
3, 7, 17, 31
Let t(l) = 9*l**3 + 8*l**2 - 3*l - 15. Let m be t(5). Suppose 3*v - 5*z = 8*v - m, -z = 3*v - 783. What are the prime factors of v?
2, 131
List the prime factors of 8 - (6/(-24) - 11355/4).
3, 13, 73
Let c be (-154887)/(-136) - 1/(-8). Suppose 8*i + o = 9*i - c, 2*i - 2266 = -4*o. List the prime factors of i.
3, 379
Suppose -36427 = 81*z - 419800. What are the prime factors of z?
4733
Let y = -267 + 10. Let i = y - -1563. List the prime factors of i.
2, 653
Suppose 12737 = 5*d - b, -3*d - 18*b = -13*b - 7659. Suppose -550 = n - d. What are the prime factors of n?
2, 3, 37
Let o be (0 - 4) + 2 - 16025/(-25). Suppose z = 3*l - 853, 2*z = -5*l + 768 + o. What are the prime factors of l?
283
Let d(y) = -4*y**3 + 9*y**2 - 7*y + 10. Let p be d(-13). Suppose 0*g = -30*g + p. List the prime factors of g.
347
Let k = 15467 + -6670. What are the prime factors of k?
19, 463
Let n be (-5 - -16) + 1 + 0. Let i = 0 + n. Suppose -16*z + i*z = -60. List the prime factors of z.
3, 5
Let g = -3011 - -5213. List the prime factors of g.
2, 3, 367
Suppose -h = 8 - 470. Suppose -2*w + 2158 = h. List the prime factors of w.
2, 53
What are the prime factors of ((-235305)/(-28))/(3/12)?
3, 5, 83
Suppose k + 2*o + 6 = 0, -4*o - 29 = -3*k - 7. Suppose 4*w = k*m + 2180 + 2130, -w + 2*m = -1079. List the prime factors of w.
3, 359
Let q = -3912 + 7879. Suppose 2*l = -3*k + 2777, 5*l + 4*k - q = 2972. List the prime factors of l.
19, 73
Let w be ((-1)/(-1))/(1/2). Suppose w*j - 13 = -3. Suppose -j*m - 2*g + 258 = 0, g + 154 = 3*m + 3*g. What are the prime factors of m?
2, 13
Let j = -488 + 757. Suppose -5*w = -4*u + 368, -j = -3*u - 3*w + 5*w. Let q = u + -46. List the prime factors of q.
41
Let w(r) = -13*r - 9. Let a be w(-1). Suppose 35 = 3*y + a*y. List the prime factors of y.
5
List the prime factors of (-1719620)/(-21) - (-101)/303.
13, 6299
Let h be (-25)/(-6) + -2*7/84. Let d(c) = 2*c**2 - 3*c + 1. Let q be d(h). Suppose q*x = 3779 + 2122. What are the prime factors of x?
281
Let n = 6901 - 3789. What are the prime factors of n?
2, 389
Let x be (-2912)/(-44) + 18/(-99). Let i = 540 + x. List the prime factors of i.
2, 3, 101
Let d(s) = -6*s - 120. Let o be d(-20). Suppose o = -3*m + 15 - 3, 2686 = 5*t + 4*m. List the prime factors of t.
2, 3, 89
Let r be 75/50*(1 - (-49)/3). Let u = r - 24. Suppose -u*f + 290 = 3*f - 2*b, -183 = -3*f + 3*b. List the prime factors of f.
2, 7
Let t(x) = 6*x**3 + 3*x**2 - 7*x - 2. Let o be t(2). Let h be 19/(-2)*(1 - 3). Suppose 17*m - h*m = -o. List the prime factors of m.
2, 11
Suppose 116*v = 121*v - 90. List the prime factors of (36/v)/(1/95 + 0).
2, 5, 19
Let c = 118 - 93. Suppose